{"id":99296,"date":"2020-06-21T11:41:52","date_gmt":"2020-06-21T14:41:52","guid":{"rendered":"http:\/\/173.236.34.242\/~reypurk03\/?page_id=99296"},"modified":"2020-08-12T00:55:14","modified_gmt":"2020-08-12T03:55:14","slug":"servicios","status":"publish","type":"page","link":"www.reypurk03.com\/?page_id=99296","title":{"rendered":"Nuestros Servicios"},"content":{"rendered":"<section class=\"vc_row wpb_row vc_row-fluid\"><div class=\"wpb_column vc_column_container col-xs-mobile-fullwidth vc_col-sm-12\"><div class=\"vc_column-inner\"><div class=\"wpb_wrapper\"><div class=\"text-block-content hongo-text-block-1 last-paragraph-no-margin\"><h3 class=\"has-text-align-center\" style=\"font-size: 18px;\"><span style=\"color: #ffffff;\"><strong>Nuestra filosof\u00eda se basa en 3 pilares fundamentales: CALIDAD, SERVICIO y PRECIO.<\/strong><\/span><\/h3>\n<p><span style=\"color: #ffffff;\"><\/span><\/p>\n<h4 class=\"has-text-align-center\" style=\"font-size: 18px;\"><span style=\"color: #ffffff;\">Somos parte activa de cada una de las empresas con las que trabajamos, aportando ideas, haciendo nuestros los objetivos de ellos para entregarles soluciones acordes a sus necesidades.<\/span><\/h4>\n<p><!-- \/wp:paragraph -->\u00a0<\/p>\n<p><!-- wp:heading --><!-- \/wp:paragraph -->\u00a0<\/p>\n<\/div><\/div><\/div><\/div><\/section><section class=\"vc_row wpb_row vc_row-fluid\"><div class=\"wpb_column vc_column_container col-xs-mobile-fullwidth vc_col-sm-4 text-center md-text-center sm-text-center xs-text-center\"><div class=\"vc_column-inner\"><div class=\"wpb_wrapper\"><div class=\"wpb_single_image\">\n\t\t\t<figure class=\"wpb_wrapper vc_figure\">\n\t\t\t\t<div class=\"vc_single_image-wrapper  \"><img loading=\"lazy\" decoding=\"async\" class=\"vc_single_image-img \" src=\"http:\/\/www.reypurk03.com\/wp-content\/uploads\/2020\/08\/Icono-laser.png\" width=\"113\" height=\"117\" alt=\"Icono-laser\" title=\"Icono-laser\" \/><\/div>\n\t\t\t<\/figure>\n\t\t\t<h2 class=\"wpb_heading wpb_singleimage_heading hongo_font_1596833467974\">CORTE L\u00c1SER. M\u00e1quinas TRUMPF, modelos TP3030 y TP2530, con un campo de trabajo de 3000x1500<\/h2>\n\t\t<\/div><\/div><\/div><\/div><div class=\"wpb_column vc_column_container col-xs-mobile-fullwidth vc_col-sm-4 text-center md-text-center sm-text-center xs-text-center\"><div class=\"vc_column-inner\"><div class=\"wpb_wrapper\"><div class=\"wpb_single_image\">\n\t\t\t<figure class=\"wpb_wrapper vc_figure\">\n\t\t\t\t<div class=\"vc_single_image-wrapper  \"><img loading=\"lazy\" decoding=\"async\" class=\"vc_single_image-img \" src=\"http:\/\/www.reypurk03.com\/wp-content\/uploads\/2020\/08\/icono-plegado-117x117.png\" width=\"117\" height=\"117\" alt=\"icono-plegado\" title=\"icono-plegado\" \/><\/div>\n\t\t\t<\/figure>\n\t\t\t<h2 class=\"wpb_heading wpb_singleimage_heading hongo_font_1596833496386\">PLEGADO. En la actualidad tenemos dos plegadoras de 3 metros de 125 Tn<\/h2>\n\t\t<\/div><\/div><\/div><\/div><div class=\"wpb_column vc_column_container col-xs-mobile-fullwidth vc_col-sm-4 text-center md-text-center sm-text-center xs-text-center\"><div class=\"vc_column-inner\"><div class=\"wpb_wrapper\"><div class=\"wpb_single_image\">\n\t\t\t<figure class=\"wpb_wrapper vc_figure\">\n\t\t\t\t<div class=\"vc_single_image-wrapper  \"><img loading=\"lazy\" decoding=\"async\" class=\"vc_single_image-img \" src=\"http:\/\/www.reypurk03.com\/wp-content\/uploads\/2020\/08\/icono-soldadura-114x114.png\" width=\"114\" height=\"114\" alt=\"icono-soldadura\" title=\"icono-soldadura\" \/><\/div>\n\t\t\t<\/figure>\n\t\t\t<h2 class=\"wpb_heading wpb_singleimage_heading hongo_font_1596833523091\">SOLDADURA. Ofrecemos servicio de soldadura (tig. hilo y soldadura por punto)<\/h2>\n\t\t<\/div><\/div><\/div><\/div><\/section><section class=\"vc_row wpb_row vc_row-fluid\"><div class=\"wpb_column vc_column_container col-xs-mobile-fullwidth vc_col-sm-12\"><div class=\"vc_column-inner\"><div class=\"wpb_wrapper\"><div class=\"text-block-content hongo-text-block-2 last-paragraph-no-margin\"><h3 style=\"text-align: center;\"><span style=\"color: #ffffff;\"><strong>CALIDAD Y SERVICIO<\/strong><\/span><\/h3>\n<h5 style=\"text-align: left;\"><strong><span style=\"color: #ffffff;\">Nuestro principal objetivo es cumplir con la calidad exigida de nuestros clientes.<\/span><\/strong><\/h5>\n<h5 style=\"text-align: left;\"><strong><span style=\"color: #ffffff;\">Lo que diferencia a Reypurk como empresa, es nuestro compromiso en los plazos de entrega.<\/span><\/strong><\/h5>\n<h5 style=\"text-align: left;\"><strong><span style=\"color: #ffffff;\">Estamos avalados por los a\u00f1os de experiencia que tenemos desde 2003 y la capacidad de adaptaci\u00f3n a las nuevas tecnolog\u00edas.<\/span><\/strong><\/h5>\n<\/div><\/div><\/div><\/div><\/section><section class=\"vc_row wpb_row vc_row-fluid\"><div class=\"wpb_column vc_column_container col-xs-mobile-fullwidth vc_col-sm-4\"><div class=\"vc_column-inner\"><div class=\"wpb_wrapper\"><div class=\"wpb_single_image    hongo-full-width-single-image\">\n\t\t\t<figure class=\"wpb_wrapper vc_figure\">\n\t\t\t\t<div class=\"vc_single_image-wrapper  \"><img loading=\"lazy\" decoding=\"async\" width=\"150\" height=\"150\" src=\"http:\/\/www.reypurk03.com\/wp-content\/uploads\/2020\/07\/Hosteleria-150x150.jpeg\" class=\"vc_single_image-img attachment-thumbnail\" alt=\"\" srcset=\"http:\/\/www.reypurk03.com\/wp-content\/uploads\/2020\/07\/Hosteleria-150x150.jpeg 150w, http:\/\/www.reypurk03.com\/wp-content\/uploads\/2020\/07\/Hosteleria-100x100.jpeg 100w, http:\/\/www.reypurk03.com\/wp-content\/uploads\/2020\/07\/Hosteleria-64x64.jpeg 64w\" sizes=\"auto, (max-width: 150px) 100vw, 150px\" \/><\/div>\n\t\t\t<\/figure>\n\t\t\t<h2 class=\"wpb_heading wpb_singleimage_heading hongo_font_1597085428138\">HOSTELER\u00cdA. Fabricaci\u00f3n de piezas para el sector hostelero en general (cafeteras, planchas, tostadores, barbacoas, vitrinas, etc). Entre nuestros principales clientes se encuentran Quality Espresso, Arilex, Aplimet, Tevex entre otros.<\/h2>\n\t\t<\/div><\/div><\/div><\/div><div class=\"wpb_column vc_column_container col-xs-mobile-fullwidth vc_col-sm-4\"><div class=\"vc_column-inner\"><div class=\"wpb_wrapper\"><div class=\"wpb_single_image    hongo-full-width-single-image\">\n\t\t\t<figure class=\"wpb_wrapper vc_figure\">\n\t\t\t\t<div class=\"vc_single_image-wrapper  \"><img loading=\"lazy\" decoding=\"async\" width=\"150\" height=\"150\" src=\"http:\/\/www.reypurk03.com\/wp-content\/uploads\/2020\/07\/Expositores-150x150.jpeg\" class=\"vc_single_image-img attachment-thumbnail\" alt=\"\" srcset=\"http:\/\/www.reypurk03.com\/wp-content\/uploads\/2020\/07\/Expositores-150x150.jpeg 150w, http:\/\/www.reypurk03.com\/wp-content\/uploads\/2020\/07\/Expositores-100x100.jpeg 100w, http:\/\/www.reypurk03.com\/wp-content\/uploads\/2020\/07\/Expositores-64x64.jpeg 64w\" sizes=\"auto, (max-width: 150px) 100vw, 150px\" \/><\/div>\n\t\t\t<\/figure>\n\t\t\t<h2 class=\"wpb_heading wpb_singleimage_heading hongo_font_1597085402974\">EXPOSITORES. Fabricaci\u00f3n de expositores met\u00e1licos. Entre nuestros principales clientes se encuentran Primer Canal, Arti, etc.<\/h2>\n\t\t<\/div><\/div><\/div><\/div><div class=\"wpb_column vc_column_container col-xs-mobile-fullwidth vc_col-sm-4\"><div class=\"vc_column-inner\"><div class=\"wpb_wrapper\"><div class=\"wpb_single_image    hongo-full-width-single-image\">\n\t\t\t<figure class=\"wpb_wrapper vc_figure\">\n\t\t\t\t<div class=\"vc_single_image-wrapper  \"><img loading=\"lazy\" decoding=\"async\" width=\"150\" height=\"150\" src=\"http:\/\/www.reypurk03.com\/wp-content\/uploads\/2020\/07\/Letreros-y-merchandising-150x150.jpeg\" class=\"vc_single_image-img attachment-thumbnail\" alt=\"\" srcset=\"http:\/\/www.reypurk03.com\/wp-content\/uploads\/2020\/07\/Letreros-y-merchandising-150x150.jpeg 150w, http:\/\/www.reypurk03.com\/wp-content\/uploads\/2020\/07\/Letreros-y-merchandising-100x100.jpeg 100w, http:\/\/www.reypurk03.com\/wp-content\/uploads\/2020\/07\/Letreros-y-merchandising-64x64.jpeg 64w\" sizes=\"auto, (max-width: 150px) 100vw, 150px\" \/><\/div>\n\t\t\t<\/figure>\n\t\t\t<h2 class=\"wpb_heading wpb_singleimage_heading hongo_font_1597085491822\">LETREROS Y MERCHANDISING. Tambi\u00e9n nos dedicamos a la fabricaci\u00f3n de letreros de empresas y tiendas, todo lo que sea merchandising en chapa, estructuras de iluminaci\u00f3n, jardineras.<\/h2>\n\t\t<\/div><\/div><\/div><\/div><\/section><section class=\"vc_row wpb_row vc_row-fluid\"><div class=\"wpb_column vc_column_container col-xs-mobile-fullwidth vc_col-sm-12\"><div class=\"vc_column-inner\"><div class=\"wpb_wrapper\"><div class=\"text-block-content hongo-text-block-3 last-paragraph-no-margin\"><h2><span style=\"color: #ffffff;\">Clientes<\/span><\/h2>\n<h5><!-- \/wp:heading --><\/h5>\n<h5><!-- wp:paragraph --><span style=\"color: #ffffff;\">Algunos de nuestros clientes son: Quality Espresso, Arilex, Primer Canal, Tevex, Coking Systems, Hitachi, entre otros.<\/span><\/h5>\n<\/div><\/div><\/div><\/div><\/section>","protected":false},"excerpt":{"rendered":"Nuestra filosof\u00eda se basa en 3 pilares fundamentales: CALIDAD, SERVICIO y PRECIO. Somos parte activa de cada una de las empresas con las que trabajamos, aportando ideas, haciendo nuestros los objetivos de ellos para entregarles soluciones acordes a sus necesidades. \u00a0 \u00a0 CORTE L\u00c1SER. M\u00e1quinas TRUMPF, modelos TP3030 y TP2530, con un campo de trabajo de 3000x1500 PLEGADO. En la actualidad tenemos dos plegadoras de 3 metros de 125 Tn SOLDADURA. Ofrecemos servicio de soldadura (tig. hilo y soldadura por punto) CALIDAD Y SERVICIO Nuestro principal objetivo es cumplir con la calidad exigida de nuestros clientes. Lo que diferencia a Reypurk como empresa, es nuestro compromiso en los plazos de entrega. Estamos avalados por los a\u00f1os de experiencia que tenemos desde 2003 y la capacidad de adaptaci\u00f3n a las nuevas tecnolog\u00edas. HOSTELER\u00cdA. Fabricaci\u00f3n de piezas para el sector hostelero en general (cafeteras, planchas, tostadores, barbacoas, vitrinas, etc). Entre nuestros principales clientes se encuentran Quality Espresso, Arilex, Aplimet, Tevex entre otros. EXPOSITORES. Fabricaci\u00f3n de expositores met\u00e1licos. Entre nuestros principales clientes se encuentran Primer Canal, Arti, etc. LETREROS Y MERCHANDISING. Tambi\u00e9n nos dedicamos a la fabricaci\u00f3n de letreros de empresas y tiendas, todo lo que sea merchandising en chapa, estructuras de iluminaci\u00f3n,...","protected":false},"author":1,"featured_media":0,"parent":0,"menu_order":0,"comment_status":"closed","ping_status":"closed","template":"","meta":{"footnotes":""},"class_list":["post-99296","page","type-page","status-publish","hentry"],"_links":{"self":[{"href":"www.reypurk03.com\/index.php?rest_route=\/wp\/v2\/pages\/99296","targetHints":{"allow":["GET"]}}],"collection":[{"href":"www.reypurk03.com\/index.php?rest_route=\/wp\/v2\/pages"}],"about":[{"href":"www.reypurk03.com\/index.php?rest_route=\/wp\/v2\/types\/page"}],"author":[{"embeddable":true,"href":"www.reypurk03.com\/index.php?rest_route=\/wp\/v2\/users\/1"}],"replies":[{"embeddable":true,"href":"www.reypurk03.com\/index.php?rest_route=%2Fwp%2Fv2%2Fcomments&post=99296"}],"version-history":[{"count":25,"href":"www.reypurk03.com\/index.php?rest_route=\/wp\/v2\/pages\/99296\/revisions"}],"predecessor-version":[{"id":99555,"href":"www.reypurk03.com\/index.php?rest_route=\/wp\/v2\/pages\/99296\/revisions\/99555"}],"wp:attachment":[{"href":"www.reypurk03.com\/index.php?rest_route=%2Fwp%2Fv2%2Fmedia&parent=99296"}],"curies":[{"name":"wp","href":"https:\/\/api.w.org\/{rel}","templated":true}]}}